hat is the hundred thousands digit of 436187?
4
What is the tens digit of 13364?
6
What is the units digit of 342210?
0
What is the ten thousands digit of 1118326?
1
What is the thousands digit of 14993982?
3
What is the thousands digit of 216480?
6
What is the tens digit of 711124?
2
What is the thousands digit of 717346?
7
What is the hundreds digit of 328164?
1
What is the units digit of 183097?
7
What is the ten millions digit of 10247627?
1
What is the millions digit of 16745845?
6
What is the hundreds digit of 698685?
6
What is the hundreds digit of 199828?
8
What is the hundred thousands digit of 1699862?
6
What is the units digit of 147364?
4
What is the hundred thousands digit of 1215588?
2
What is the units digit of 264730?
0
What is the hundreds digit of 359233?
2
What is the units digit of 15301766?
6
What is the thousands digit of 1356049?
6
What is the ten thousands digit of 2690923?
9
What is the units digit of 1618988?
8
What is the tens digit of 549651?
5
What is the ten thousands digit of 1045445?
4
What is the hundreds digit of 1249381?
3
What is the hundred thousands digit of 705762?
7
What is the hundred thousands digit of 298350?
2
What is the thousands digit of 301516?
1
What is the hundred thousands digit of 13581247?
5
What is the millions digit of 2566399?
2
What is the hundreds digit of 812378?
3
What is the hundred thousands digit of 5629077?
6
What is the hundred thousands digit of 8542272?
5
What is the ten millions digit of 12884439?
1
What is the units digit of 596190?
0
What is the units digit of 7540431?
1
What is the millions digit of 7241680?
7
What is the thousands digit of 516623?
6
What is the tens digit of 257521?
2
What is the ten thousands digit of 7655602?
5
What is the hundreds digit of 932218?
2
What is the thousands digit of 127690?
7
What is the tens digit of 163407?
0
What is the thousands digit of 6371799?
1
What is the millions digit of 1020988?
1
What is the ten thousands digit of 3231686?
3
What is the hundreds digit of 575393?
3
What is the ten thousands digit of 27459248?
5
What is the millions digit of 1717442?
1
What is the millions digit of 2184019?
2
What is the units digit of 1189713?
3
What is the millions digit of 1321592?
1
What is the hundred thousands digit of 2750657?
7
What is the millions digit of 1836299?
1
What is the ten thousands digit of 323665?
2
What is the thousands digit of 2074924?
4
What is the ten thousands digit of 1992060?
9
What is the millions digit of 3061774?
3
What is the tens digit of 4798352?
5
What is the thousands digit of 265005?
5
What is the tens digit of 49152?
5
What is the hundreds digit of 18785783?
7
What is the thousands digit of 4829413?
9
What is the tens digit of 164584?
8
What is the ten thousands digit of 652141?
5
What is the hundreds digit of 1593315?
3
What is the millions digit of 8806263?
8
What is the thousands digit of 6560523?
0
What is the ten thousands digit of 199422?
9
What is the ten thousands digit of 244151?
4
What is the thousands digit of 758347?
8
What is the ten thousands digit of 359764?
5
What is the thousands digit of 695632?
5
What is the hundred thousands digit of 205594?
2
What is the hundreds digit of 21935?
9
What is the hundreds digit of 2688173?
1
What is the tens digit of 8923617?
1
What is the millions digit of 1096451?
1
What is the hundreds digit of 9313?
3
What is the millions digit of 3121111?
3
What is the millions digit of 10766132?
0
What is the millions digit of 8343248?
8
What is the tens digit of 2733940?
4
What is the tens digit of 8700602?
0
What is the hundred thousands digit of 936072?
9
What is the hundreds digit of 25535639?
6
What is the units digit of 3674077?
7
What is the ten thousands digit of 214023?
1
What is the hundreds digit of 4642?
6
What is the hundred thousands digit of 5166135?
1
What is the ten millions digit of 31325067?
3
What is the ten thousands digit of 642499?
4
What is the tens digit of 95842?
4
What is the thousands digit of 31190?
1
What is the units digit of 2939632?
2
What is the units digit of 218892?
2
What is the hundred thousands digit of 245134?
2
What is the hundreds digit of 1147809?
8
What is the units digit of 1662446?
6
What is the tens digit of 742627?
2
What is the hundreds digit of 53063?
0
What is the thousands digit of 2627791?
7
What is the ten thousands digit of 1027041?
2
What is the thousands digit of 1370537?
0
What is the hundreds digit of 1124516?
5
What is the ten thousands digit of 3832025?
3
What is the ten thousands digit of 31370945?
7
What is the hundred thousands digit of 7997079?
9
What is the hundred thousands digit of 363194?
3
What is the units digit of 1985935?
5
What is the tens digit of 106654?
5
What is the millions digit of 1690021?
1
What is the ten thousands digit of 2738687?
3
What is the tens digit of 252098?
9
What is the units digit of 12880062?
2
What is the thousands digit of 11660149?
0
What is the tens digit of 2379782?
8
What is the hundred thousands digit of 14317647?
3
What is the millions digit of 9869265?
9
What is the units digit of 553873?
3
What is the ten thousands digit of 112883?
1
What is the units digit of 160362?
2
What is the units digit of 1489561?
1
What is the tens digit of 1797911?
1
What is the hundreds digit of 72747?
7
What is the ten thousands digit of 555749?
5
What is the units digit of 780511?
1
What is the tens digit of 437020?
2
What is the units digit of 73200?
0
What is the hundred thousands digit of 18411854?
4
What is the hundreds digit of 240055?
0
What is the millions digit of 7983176?
7
What is the hundreds digit of 14056172?
1
What is the units digit of 530643?
3
What is the ten thousands digit of 481165?
8
What is the tens digit of 174941?
4
What is the tens digit of 4040337?
3
What is the units digit of 1803163?
3
What is the hundred thousands digit of 2050409?
0
What is the millions digit of 27288796?
7
What is the hundred thousands digit of 5220681?
2
What is the millions digit of 5977741?
5
What is the units digit of 1730571?
1
What is the ten thousands digit of 8548676?
4
What is the hundreds digit of 10244083?
0
What is the units digit of 151919?
9
What is the hundreds digit of 359109?
1
What is the ten thousands digit of 797512?
9
What is the hundreds digit of 198596?
5
What is the hundreds digit of 18746722?
7
What is the millions digit of 2747371?
2
What is the millions digit of 2507806?
2
What is the units digit of 4382576?
6
What is the tens digit of 229186?
8
What is the thousands digit of 15072137?
2
What is the millions digit of 3007557?
3
What is the units digit of 11092807?
7
What is the thousands digit of 340499?
0
What is the tens digit of 12410934?
3
What is the tens digit of 576362?
6
What is the hundreds digit of 3883227?
2
What is the millions digit of 4214883?
4
What is the thousands digit of 166935?
6
What is the thousands digit of 373839?
3
What is the hundred thousands digit of 506251?
5
What is the hundred thousands digit of 5144948?
1
What is the hundred thousands digit of 332841?
3
What is the thousands digit of 590938?
0
What is the hundreds digit of 614198?
1
What is the hundred thousands digit of 801084?
8
What is the hundred thousands digit of 145299?
1
What is the hundred thousands digit of 2184470?
1
What is the ten thousands digit of 340743?
4
What is the hundred thousands digit of 373205?
3
What is the ten thousands digit of 6868167?
6
What is the hundred thousands digit of 690908?
6
What is the ten thousands digit of 222379?
2
What is the hundreds digit of 179294?
2
What is the units digit of 254180?
0
What is the hundreds digit of 1865481?
4
What is the tens digit of 734149?
4
What is the thousands digit of 5671960?
1
What is the ten thousands digit of 447077?
4
What is the hundred thousands digit of 247559?
2
What is the ten thousands digit of 3155964?
5
What is the thousands digit of 480625?
0
What is the hundred thousands digit of 188607?
1
What is the tens digit of 1197283?
8
What is the tens digit of 25224008?
0
What is the ten thousands digit of 241755?
4
What is the ten thousands digit of 774591?
7
What is the thousands digit of 344127?
4
What is the units digit of 1307634?
4
What is the units digit of 1301417?
7
What is the units digi